{"id":170,"date":"2021-08-24T13:56:36","date_gmt":"2021-08-24T13:56:36","guid":{"rendered":"https:\/\/municoihueco.cl\/Inicio\/?page_id=170"},"modified":"2024-12-04T20:08:01","modified_gmt":"2024-12-04T20:08:01","slug":"alcalde","status":"publish","type":"page","link":"https:\/\/municoihueco.cl\/Inicio\/alcalde\/","title":{"rendered":"Alcalde"},"content":{"rendered":"\t\t<div data-elementor-type=\"wp-page\" data-elementor-id=\"170\" class=\"elementor elementor-170\">\n\t\t\t\t\t\t<section class=\"elementor-section elementor-top-section elementor-element elementor-element-6092114 elementor-section-full_width elementor-section-height-default elementor-section-height-default elementor-invisible\" data-id=\"6092114\" data-element_type=\"section\" data-e-type=\"section\" data-settings=\"{&quot;animation&quot;:&quot;fadeInUp&quot;}\">\n\t\t\t\t\t\t<div class=\"elementor-container elementor-column-gap-no\">\n\t\t\t\t\t<div class=\"elementor-column elementor-col-100 elementor-top-column elementor-element elementor-element-a2663ca elementor-invisible\" data-id=\"a2663ca\" data-element_type=\"column\" data-e-type=\"column\" data-settings=\"{&quot;animation&quot;:&quot;fadeIn&quot;}\">\n\t\t\t<div class=\"elementor-widget-wrap elementor-element-populated\">\n\t\t\t\t\t\t<div class=\"elementor-element elementor-element-2eed80d elementor-widget elementor-widget-image\" data-id=\"2eed80d\" data-element_type=\"widget\" data-e-type=\"widget\" data-widget_type=\"image.default\">\n\t\t\t\t<div class=\"elementor-widget-container\">\n\t\t\t\t\t\t\t\t\t\t\t\t\t\t\t<img fetchpriority=\"high\" decoding=\"async\" width=\"1024\" height=\"683\" src=\"https:\/\/municoihueco.cl\/Inicio\/wp-content\/uploads\/2024\/12\/Alcalde-v1-1024x683.jpg\" class=\"attachment-large size-large wp-image-11163\" alt=\"\" srcset=\"https:\/\/municoihueco.cl\/Inicio\/wp-content\/uploads\/2024\/12\/Alcalde-v1-1024x683.jpg 1024w, https:\/\/municoihueco.cl\/Inicio\/wp-content\/uploads\/2024\/12\/Alcalde-v1-300x200.jpg 300w, https:\/\/municoihueco.cl\/Inicio\/wp-content\/uploads\/2024\/12\/Alcalde-v1-768x512.jpg 768w, https:\/\/municoihueco.cl\/Inicio\/wp-content\/uploads\/2024\/12\/Alcalde-v1-1536x1024.jpg 1536w, https:\/\/municoihueco.cl\/Inicio\/wp-content\/uploads\/2024\/12\/Alcalde-v1-2048x1365.jpg 2048w\" sizes=\"(max-width: 1024px) 100vw, 1024px\" \/>\t\t\t\t\t\t\t\t\t\t\t\t\t\t\t<\/div>\n\t\t\t\t<\/div>\n\t\t\t\t\t<\/div>\n\t\t<\/div>\n\t\t\t\t\t<\/div>\n\t\t<\/section>\n\t\t\t\t<section class=\"elementor-section elementor-top-section elementor-element elementor-element-0aee411 elementor-section-boxed elementor-section-height-default elementor-section-height-default\" data-id=\"0aee411\" data-element_type=\"section\" data-e-type=\"section\">\n\t\t\t\t\t\t<div class=\"elementor-container elementor-column-gap-default\">\n\t\t\t\t\t<div class=\"elementor-column elementor-col-100 elementor-top-column elementor-element elementor-element-8a66add elementor-invisible\" data-id=\"8a66add\" data-element_type=\"column\" data-e-type=\"column\" data-settings=\"{&quot;background_background&quot;:&quot;classic&quot;,&quot;animation&quot;:&quot;fadeInUp&quot;}\">\n\t\t\t<div class=\"elementor-widget-wrap elementor-element-populated\">\n\t\t\t\t\t\t<div class=\"elementor-element elementor-element-afa7108 elementor-widget elementor-widget-text-editor\" data-id=\"afa7108\" data-element_type=\"widget\" data-e-type=\"widget\" data-widget_type=\"text-editor.default\">\n\t\t\t\t<div class=\"elementor-widget-container\">\n\t\t\t\t\t\t\t\t\t<p><b>Wilson Enrique Palma Jelves: Un l\u00edder comprometido con la transparencia y el bienestar de la comunidad.<\/b><\/p>\t\t\t\t\t\t\t\t<\/div>\n\t\t\t\t<\/div>\n\t\t\t\t<div class=\"elementor-element elementor-element-cab841e elementor-widget elementor-widget-text-editor\" data-id=\"cab841e\" data-element_type=\"widget\" data-e-type=\"widget\" data-widget_type=\"text-editor.default\">\n\t\t\t\t<div class=\"elementor-widget-container\">\n\t\t\t\t\t\t\t\t\t<div>Wilson Enrique Palma Jelves naci\u00f3 el 10 de octubre de 1985 en el Hospital de Chill\u00e1n, aunque su vida estuvo siempre marcada por las tierras de Coihueco, donde creci\u00f3 y se form\u00f3. Su v\u00ednculo con la comuna es profundo, tanto en lo personal como en lo profesional, pues desde joven mostr\u00f3 un firme compromiso con su comunidad en el ambito social por el apego a sus valores cristianos, \u00a0compromiso que ha guiado toda su carrera p\u00fablica.<\/div><div>\u00a0<\/div><div>Desde sus primeros a\u00f1os, Wilson demostr\u00f3 ser un estudiante dedicado. Inici\u00f3 su educaci\u00f3n b\u00e1sica en el Colegio Parroquial, donde estableci\u00f3 una s\u00f3lida base acad\u00e9mica. M\u00e1s tarde, en el Colegio T\u00e9cnico Profesional Dar\u00edo Salas, obtuvo el t\u00edtulo de T\u00e9cnico Administrativo Contable, lo que marc\u00f3 el comienzo de su vida laboral en el \u00e1rea financiera, espec\u00edficamente en el Departamento de Salud de la comuna, donde se destac\u00f3 por su capacidad organizativa y de gesti\u00f3n.<\/div><div>\u00a0<\/div><div>Su vocaci\u00f3n por el servicio p\u00fablico lo impuls\u00f3 a continuar su formaci\u00f3n profesional, obteniendo un t\u00edtulo de T\u00e9cnico de Nivel Superior en Gesti\u00f3n Social Comunitaria, as\u00ed como tambi\u00e9n de Asistente Contable. Estos estudios complementaron su experiencia laboral y lo prepararon para enfrentar los desaf\u00edos de la gesti\u00f3n p\u00fablica con una visi\u00f3n clara: poner la honestidad, la transparencia y el orden al servicio de los vecinos de Coihueco.<\/div><div>\u00a0<\/div><div>Wilson Palma no es s\u00f3lo un hombre de formaci\u00f3n t\u00e9cnica, sino un ciudadano profundamente comprometido con el bienestar de su comunidad. Casado y padre de cuatro hijos, entiende las necesidades de las familias y c\u00f3mo la administraci\u00f3n p\u00fablica debe responder a ellas con rapidez y eficiencia. Su enfoque se basa en la cercan\u00eda con la ciudadan\u00eda y en priorizar las necesidades m\u00e1s urgentes de la comuna, tales como la vivienda, el mejoramiento de caminos, la promoci\u00f3n de emprendimientos, el cuidado del medio ambiente, el acceso a servicios b\u00e1sicos como luz y agua, y la mejora de la calidad en los servicios de salud y educaci\u00f3n.<\/div><div>\u00a0<\/div><div>Antes de asumir como alcalde, Wilson fue Concejal de Coihueco, un cargo desde el que se destac\u00f3 por su apego riguroso a la normativa y su \u00e9tica en el ejercicio p\u00fablico durante esta etapa se capacit\u00f3 en la gesti\u00f3n p\u00fablica en \u00e1reas como presupuesto, desarrollo local, gesti\u00f3n municipal, compras p\u00fablicas entre otras . Su experiencia como concejal lo dot\u00f3 de una visi\u00f3n m\u00e1s amplia sobre las problem\u00e1ticas de la comuna y le permiti\u00f3 consolidar una cercan\u00eda con los ciudadanos, quienes valoraron su honestidad y capacidad de di\u00e1logo.<\/div><div>\u00a0<\/div><div>Al asumir como alcalde, Wilson Palma ha dejado en claro su compromiso con la transparencia en la administraci\u00f3n p\u00fablica. Su gesti\u00f3n se ha centrado en implementar procesos claros y accesibles para la ciudadan\u00eda, con el objetivo de garantizar que cada decisi\u00f3n tomada en la comuna sea comprendida y respaldada por los vecinos. La rendici\u00f3n de cuentas y la participaci\u00f3n activa de la comunidad en las decisiones municipales son pilares fundamentales de su administraci\u00f3n.<\/div><div>\u00a0<\/div><div>La gesti\u00f3n de Wilson Palma es sin\u00f3nimo de orden y providad. Bajo su liderazgo, la comuna de Coihueco avanzar\u00e1 en proyectos clave para el bienestar de su poblaci\u00f3n. Impulsar\u00e1 la mejora de infraestructuras como caminos rurales, facilitando la conexi\u00f3n de los vecinos con servicios y oportunidades. Tambi\u00e9n colocar\u00e1 \u00e9nfasis particular en la vivienda y el apoyo a los emprendedores locales, con programas que busquen \u00a0fomentar la autogesti\u00f3n y el desarrollo econ\u00f3mico de la comuna.<\/div><div>\u00a0<\/div><div>En el \u00e1mbito social, su gesti\u00f3n ser\u00e1 activa en el fortalecimiento de la salud y la educaci\u00f3n, garantizando que las familias de Coihueco puedan acceder a servicios dignos y de calidad. Wilson Palma no s\u00f3lo se ve a s\u00ed mismo como una autoridad comunal, sino como un servidor p\u00fablico al servicio de su gente, un l\u00edder que no s\u00f3lo gobierna, sino que escucha y act\u00faa de acuerdo a las necesidades reales de sus vecinos.<\/div><div>\u00a0<\/div><div>En resumen, Wilson Enrique Palma Jelves es un hombre que ha dedicado su vida a la comunidad de Coihueco, un l\u00edder transparente y comprometido con el bienestar de cada ciudadano. Su historia es la de un hombre com\u00fan, pero con una visi\u00f3n clara y decidida para hacer de su comuna un lugar mejor para vivir.<\/div>\t\t\t\t\t\t\t\t<\/div>\n\t\t\t\t<\/div>\n\t\t\t\t\t<\/div>\n\t\t<\/div>\n\t\t\t\t\t<\/div>\n\t\t<\/section>\n\t\t\t\t<section class=\"elementor-section elementor-top-section elementor-element elementor-element-59dd090 elementor-section-boxed elementor-section-height-default elementor-section-height-default\" data-id=\"59dd090\" data-element_type=\"section\" data-e-type=\"section\">\n\t\t\t\t\t\t<div class=\"elementor-container elementor-column-gap-default\">\n\t\t\t\t\t<div class=\"elementor-column elementor-col-100 elementor-top-column elementor-element elementor-element-5b275d9\" data-id=\"5b275d9\" data-element_type=\"column\" data-e-type=\"column\">\n\t\t\t<div class=\"elementor-widget-wrap elementor-element-populated\">\n\t\t\t\t\t\t<div class=\"elementor-element elementor-element-c1cdabf elementor-widget elementor-widget-spacer\" data-id=\"c1cdabf\" data-element_type=\"widget\" data-e-type=\"widget\" data-widget_type=\"spacer.default\">\n\t\t\t\t<div class=\"elementor-widget-container\">\n\t\t\t\t\t\t\t<div class=\"elementor-spacer\">\n\t\t\t<div class=\"elementor-spacer-inner\"><\/div>\n\t\t<\/div>\n\t\t\t\t\t\t<\/div>\n\t\t\t\t<\/div>\n\t\t\t\t\t<\/div>\n\t\t<\/div>\n\t\t\t\t\t<\/div>\n\t\t<\/section>\n\t\t\t\t<\/div>\n\t\t","protected":false},"excerpt":{"rendered":"<p>Alcalde Wilson Enrique Palma Jelves: Un l\u00edder comprometido con la transparencia y el bienestar de la comunidad. Wilson Enrique Palma Jelves naci\u00f3 el 10 de octubre de 1985 en el Hospital de Chill\u00e1n, aunque su vida estuvo siempre marcada por las tierras de Coihueco, donde creci\u00f3 y se form\u00f3. Su v\u00ednculo con la comuna es&#8230;<\/p>\n","protected":false},"author":1,"featured_media":0,"parent":0,"menu_order":0,"comment_status":"closed","ping_status":"closed","template":"","meta":{"_kad_post_transparent":"default","_kad_post_title":"hide","_kad_post_layout":"fullwidth","_kad_post_sidebar_id":"","_kad_post_content_style":"unboxed","_kad_post_vertical_padding":"hide","_kad_post_feature":"hide","_kad_post_feature_position":"","_kad_post_header":false,"_kad_post_footer":false,"_kad_post_classname":"","footnotes":""},"class_list":["post-170","page","type-page","status-publish","hentry"],"_links":{"self":[{"href":"https:\/\/municoihueco.cl\/Inicio\/wp-json\/wp\/v2\/pages\/170","targetHints":{"allow":["GET"]}}],"collection":[{"href":"https:\/\/municoihueco.cl\/Inicio\/wp-json\/wp\/v2\/pages"}],"about":[{"href":"https:\/\/municoihueco.cl\/Inicio\/wp-json\/wp\/v2\/types\/page"}],"author":[{"embeddable":true,"href":"https:\/\/municoihueco.cl\/Inicio\/wp-json\/wp\/v2\/users\/1"}],"replies":[{"embeddable":true,"href":"https:\/\/municoihueco.cl\/Inicio\/wp-json\/wp\/v2\/comments?post=170"}],"version-history":[{"count":83,"href":"https:\/\/municoihueco.cl\/Inicio\/wp-json\/wp\/v2\/pages\/170\/revisions"}],"predecessor-version":[{"id":11216,"href":"https:\/\/municoihueco.cl\/Inicio\/wp-json\/wp\/v2\/pages\/170\/revisions\/11216"}],"wp:attachment":[{"href":"https:\/\/municoihueco.cl\/Inicio\/wp-json\/wp\/v2\/media?parent=170"}],"curies":[{"name":"wp","href":"https:\/\/api.w.org\/{rel}","templated":true}]}}